{"id":7,"date":"2026-02-27T11:50:41","date_gmt":"2026-02-27T11:50:41","guid":{"rendered":"http:\/\/dorvita.pl\/?page_id=7"},"modified":"2026-03-11T15:51:00","modified_gmt":"2026-03-11T15:51:00","slug":"dorvita","status":"publish","type":"page","link":"https:\/\/dorvita.pl\/","title":{"rendered":"DorVita"},"content":{"rendered":"\n<p>DorVita to miejsce autorskich publikacji z obszaru zdrowia, prawa                  i literatury.<br>Powstaje z my\u015bl\u0105 o osobach, kt\u00f3re szukaj\u0105 rzetelnych informacji                   i warto\u015bciowych tre\u015bci.<\/p>\n\n\n\n<p><strong>Obszary publikacji<\/strong><\/p>\n\n\n\n<p><strong>Literatura<\/strong> to przestrze\u0144 dla ksi\u0105\u017cek autorskich i opracowa\u0144 literackich.<\/p>\n\n\n\n<p><strong>Zdrowie<\/strong> obejmuje publikacje o zdrowiu, codziennym samopoczuciu i \u015bwiadomym dbaniu o siebie.<\/p>\n\n\n\n<p><strong>Prawa<\/strong> to dzia\u0142 po\u015bwi\u0119cony tematom pomagaj\u0105cym lepiej rozumie\u0107 w\u0142asne prawa i trudne sprawy \u017cyciowe.<\/p>\n\n\n\n<p><strong>Smaki Domu<\/strong> przywo\u0142uj\u0105 dawne zapachy, proste potrawy i wspomnienia zapisane w kuchni codzienno\u015bci.<\/p>\n\n\n\n<p><\/p>\n\n\n\n<p><\/p>\n\n\n\n<p>DorVita to przestrze\u0144 dla os\u00f3b, kt\u00f3re ceni\u0105 tre\u015bci pisane z uwa\u017cno\u015bci\u0105, sercem i szacunkiem dla czytelnika.<\/p>\n\n\n\n<p><\/p>\n","protected":false},"excerpt":{"rendered":"<p>DorVita to miejsce autorskich publikacji z obszaru zdrowia, prawa i literatury.Powstaje z my\u015bl\u0105 o osobach, kt\u00f3re szukaj\u0105 rzetelnych informacji i warto\u015bciowych tre\u015bci. Obszary publikacji Literatura to przestrze\u0144 dla ksi\u0105\u017cek autorskich i opracowa\u0144 literackich. Zdrowie obejmuje publikacje o zdrowiu, codziennym samopoczuciu i \u015bwiadomym dbaniu o siebie. Prawa to dzia\u0142 po\u015bwi\u0119cony tematom pomagaj\u0105cym lepiej rozumie\u0107 w\u0142asne prawa [&hellip;]<\/p>\n","protected":false},"author":1,"featured_media":112,"parent":0,"menu_order":0,"comment_status":"closed","ping_status":"closed","template":"","meta":{"footnotes":""},"class_list":["post-7","page","type-page","status-publish","has-post-thumbnail","hentry"],"_links":{"self":[{"href":"https:\/\/dorvita.pl\/index.php\/wp-json\/wp\/v2\/pages\/7","targetHints":{"allow":["GET"]}}],"collection":[{"href":"https:\/\/dorvita.pl\/index.php\/wp-json\/wp\/v2\/pages"}],"about":[{"href":"https:\/\/dorvita.pl\/index.php\/wp-json\/wp\/v2\/types\/page"}],"author":[{"embeddable":true,"href":"https:\/\/dorvita.pl\/index.php\/wp-json\/wp\/v2\/users\/1"}],"replies":[{"embeddable":true,"href":"https:\/\/dorvita.pl\/index.php\/wp-json\/wp\/v2\/comments?post=7"}],"version-history":[{"count":12,"href":"https:\/\/dorvita.pl\/index.php\/wp-json\/wp\/v2\/pages\/7\/revisions"}],"predecessor-version":[{"id":113,"href":"https:\/\/dorvita.pl\/index.php\/wp-json\/wp\/v2\/pages\/7\/revisions\/113"}],"wp:featuredmedia":[{"embeddable":true,"href":"https:\/\/dorvita.pl\/index.php\/wp-json\/wp\/v2\/media\/112"}],"wp:attachment":[{"href":"https:\/\/dorvita.pl\/index.php\/wp-json\/wp\/v2\/media?parent=7"}],"curies":[{"name":"wp","href":"https:\/\/api.w.org\/{rel}","templated":true}]}}